{"id":44,"date":"2019-05-10T20:20:55","date_gmt":"2019-05-10T20:20:55","guid":{"rendered":"http:\/\/cityelectro.ch\/?page_id=44"},"modified":"2020-02-14T15:26:24","modified_gmt":"2020-02-14T15:26:24","slug":"netzwerk","status":"publish","type":"page","link":"https:\/\/cityelectro.ch\/index.php\/netzwerk\/","title":{"rendered":"Netzwerk"},"content":{"rendered":"\t\t<div data-elementor-type=\"wp-post\" data-elementor-id=\"44\" class=\"elementor elementor-44\">\n\t\t\t\t\t\t<section class=\"elementor-section elementor-top-section elementor-element elementor-element-7b7e216 elementor-section-boxed elementor-section-height-default elementor-section-height-default\" data-id=\"7b7e216\" data-element_type=\"section\" data-e-type=\"section\">\n\t\t\t\t\t\t<div class=\"elementor-container elementor-column-gap-default\">\n\t\t\t\t\t<div class=\"elementor-column elementor-col-100 elementor-top-column elementor-element elementor-element-5411a62\" data-id=\"5411a62\" data-element_type=\"column\" data-e-type=\"column\">\n\t\t\t<div class=\"elementor-widget-wrap elementor-element-populated\">\n\t\t\t\t\t\t<div class=\"elementor-element elementor-element-6f1bf21 elementor-widget elementor-widget-spacer\" data-id=\"6f1bf21\" data-element_type=\"widget\" data-e-type=\"widget\" data-widget_type=\"spacer.default\">\n\t\t\t\t<div class=\"elementor-widget-container\">\n\t\t\t\t\t\t\t<div class=\"elementor-spacer\">\n\t\t\t<div class=\"elementor-spacer-inner\"><\/div>\n\t\t<\/div>\n\t\t\t\t\t\t<\/div>\n\t\t\t\t<\/div>\n\t\t\t\t\t<\/div>\n\t\t<\/div>\n\t\t\t\t\t<\/div>\n\t\t<\/section>\n\t\t\t\t<section class=\"elementor-section elementor-top-section elementor-element elementor-element-227a688 elementor-section-boxed elementor-section-height-default elementor-section-height-default\" data-id=\"227a688\" data-element_type=\"section\" data-e-type=\"section\" data-settings=\"{&quot;background_background&quot;:&quot;classic&quot;}\">\n\t\t\t\t\t\t<div class=\"elementor-container elementor-column-gap-default\">\n\t\t\t\t\t<div class=\"elementor-column elementor-col-50 elementor-top-column elementor-element elementor-element-e8e7aa7\" data-id=\"e8e7aa7\" data-element_type=\"column\" data-e-type=\"column\">\n\t\t\t<div class=\"elementor-widget-wrap elementor-element-populated\">\n\t\t\t\t\t\t<div class=\"elementor-element elementor-element-bbde206 elementor-view-default elementor-widget elementor-widget-icon\" data-id=\"bbde206\" data-element_type=\"widget\" data-e-type=\"widget\" data-widget_type=\"icon.default\">\n\t\t\t\t<div class=\"elementor-widget-container\">\n\t\t\t\t\t\t\t<div class=\"elementor-icon-wrapper\">\n\t\t\t<div class=\"elementor-icon\">\n\t\t\t\t\t\t\t<i class=\"fa fa-sitemap\" aria-hidden=\"true\"><\/i>\n\t\t\t\t\t\t<\/div>\n\t\t<\/div>\n\t\t\t\t\t\t<\/div>\n\t\t\t\t<\/div>\n\t\t\t\t\t<\/div>\n\t\t<\/div>\n\t\t\t\t<div class=\"elementor-column elementor-col-50 elementor-top-column elementor-element elementor-element-e1d9f76\" data-id=\"e1d9f76\" data-element_type=\"column\" data-e-type=\"column\">\n\t\t\t<div class=\"elementor-widget-wrap elementor-element-populated\">\n\t\t\t\t\t\t<div class=\"elementor-element elementor-element-7b66c84 elementor-widget elementor-widget-heading\" data-id=\"7b66c84\" data-element_type=\"widget\" data-e-type=\"widget\" data-widget_type=\"heading.default\">\n\t\t\t\t<div class=\"elementor-widget-container\">\n\t\t\t\t\t<h2 class=\"elementor-heading-title elementor-size-default\">Datennetzwerk ben\u00f6tigt eine individuelle Planung<\/h2>\t\t\t\t<\/div>\n\t\t\t\t<\/div>\n\t\t\t\t\t<\/div>\n\t\t<\/div>\n\t\t\t\t\t<\/div>\n\t\t<\/section>\n\t\t\t\t<section class=\"elementor-section elementor-top-section elementor-element elementor-element-2a2785b elementor-section-boxed elementor-section-height-default elementor-section-height-default\" data-id=\"2a2785b\" data-element_type=\"section\" data-e-type=\"section\">\n\t\t\t\t\t\t<div class=\"elementor-container elementor-column-gap-default\">\n\t\t\t\t\t<div class=\"elementor-column elementor-col-100 elementor-top-column elementor-element elementor-element-1035280\" data-id=\"1035280\" data-element_type=\"column\" data-e-type=\"column\">\n\t\t\t<div class=\"elementor-widget-wrap elementor-element-populated\">\n\t\t\t\t\t\t<div class=\"elementor-element elementor-element-0a1d476 elementor-widget elementor-widget-spacer\" data-id=\"0a1d476\" data-element_type=\"widget\" data-e-type=\"widget\" data-widget_type=\"spacer.default\">\n\t\t\t\t<div class=\"elementor-widget-container\">\n\t\t\t\t\t\t\t<div class=\"elementor-spacer\">\n\t\t\t<div class=\"elementor-spacer-inner\"><\/div>\n\t\t<\/div>\n\t\t\t\t\t\t<\/div>\n\t\t\t\t<\/div>\n\t\t\t\t\t<\/div>\n\t\t<\/div>\n\t\t\t\t\t<\/div>\n\t\t<\/section>\n\t\t\t\t<section class=\"elementor-section elementor-top-section elementor-element elementor-element-3c76cd8 elementor-section-boxed elementor-section-height-default elementor-section-height-default\" data-id=\"3c76cd8\" data-element_type=\"section\" data-e-type=\"section\">\n\t\t\t\t\t\t<div class=\"elementor-container elementor-column-gap-default\">\n\t\t\t\t\t<div class=\"elementor-column elementor-col-66 elementor-top-column elementor-element elementor-element-0906dbb\" data-id=\"0906dbb\" data-element_type=\"column\" data-e-type=\"column\">\n\t\t\t<div class=\"elementor-widget-wrap elementor-element-populated\">\n\t\t\t\t\t\t<div class=\"elementor-element elementor-element-0d37452 elementor-widget elementor-widget-text-editor\" data-id=\"0d37452\" data-element_type=\"widget\" data-e-type=\"widget\" data-widget_type=\"text-editor.default\">\n\t\t\t\t<div class=\"elementor-widget-container\">\n\t\t\t\t\t\t\t\t\t<p style=\"text-align: left;\"><em>Sie ben\u00f6tigen ein neues Netzwerk im gesch\u00e4ftlichen oder privaten Bereich?<\/em><\/p>\t\t\t\t\t\t\t\t<\/div>\n\t\t\t\t<\/div>\n\t\t\t\t<div class=\"elementor-element elementor-element-065f99e elementor-widget elementor-widget-text-editor\" data-id=\"065f99e\" data-element_type=\"widget\" data-e-type=\"widget\" data-widget_type=\"text-editor.default\">\n\t\t\t\t<div class=\"elementor-widget-container\">\n\t\t\t\t\t\t\t\t\t<div class=\"wpb_text_column \"><p><strong>Ob klassiche Kupferkabelung oder modernstes Glasfasernetzwerk,<br \/>wir bieten Ihnen die optimale L\u00f6sung f\u00fcr Ihre Anspr\u00fcche.<\/strong><\/p><p>Wir k\u00fcmmern uns nicht nur um EDV-Verkabelungen vom Patchfeld bis zur Anschlussdose, sondern liefern auf Wunsch auch aktive Komponenten nach individuellem Bed\u00fcrfnis und konfigurieren Ihr Netzwerk.<\/p><\/div>\t\t\t\t\t\t\t\t<\/div>\n\t\t\t\t<\/div>\n\t\t\t\t\t<\/div>\n\t\t<\/div>\n\t\t\t\t<div class=\"elementor-column elementor-col-33 elementor-top-column elementor-element elementor-element-f1634bd\" data-id=\"f1634bd\" data-element_type=\"column\" data-e-type=\"column\">\n\t\t\t<div class=\"elementor-widget-wrap elementor-element-populated\">\n\t\t\t\t\t\t<div class=\"elementor-element elementor-element-ef14522 elementor-widget elementor-widget-image\" data-id=\"ef14522\" data-element_type=\"widget\" data-e-type=\"widget\" data-widget_type=\"image.default\">\n\t\t\t\t<div class=\"elementor-widget-container\">\n\t\t\t\t\t\t\t\t\t\t\t\t\t\t\t<img decoding=\"async\" width=\"120\" height=\"119\" src=\"https:\/\/cityelectro.ch\/wp-content\/uploads\/2019\/05\/netzwerkdose.png\" class=\"attachment-large size-large wp-image-114\" alt=\"\" srcset=\"https:\/\/cityelectro.ch\/wp-content\/uploads\/2019\/05\/netzwerkdose.png 120w, https:\/\/cityelectro.ch\/wp-content\/uploads\/2019\/05\/netzwerkdose-100x100.png 100w\" sizes=\"(max-width: 120px) 100vw, 120px\" \/>\t\t\t\t\t\t\t\t\t\t\t\t\t\t\t<\/div>\n\t\t\t\t<\/div>\n\t\t\t\t\t<\/div>\n\t\t<\/div>\n\t\t\t\t\t<\/div>\n\t\t<\/section>\n\t\t\t\t<section class=\"elementor-section elementor-top-section elementor-element elementor-element-86188a6 elementor-section-boxed elementor-section-height-default elementor-section-height-default\" data-id=\"86188a6\" data-element_type=\"section\" data-e-type=\"section\">\n\t\t\t\t\t\t<div class=\"elementor-container elementor-column-gap-default\">\n\t\t\t\t\t<div class=\"elementor-column elementor-col-50 elementor-top-column elementor-element elementor-element-3f0f70b\" data-id=\"3f0f70b\" data-element_type=\"column\" data-e-type=\"column\">\n\t\t\t<div class=\"elementor-widget-wrap\">\n\t\t\t\t\t\t\t<\/div>\n\t\t<\/div>\n\t\t\t\t<div class=\"elementor-column elementor-col-50 elementor-top-column elementor-element elementor-element-040e0b7\" data-id=\"040e0b7\" data-element_type=\"column\" data-e-type=\"column\">\n\t\t\t<div class=\"elementor-widget-wrap\">\n\t\t\t\t\t\t\t<\/div>\n\t\t<\/div>\n\t\t\t\t\t<\/div>\n\t\t<\/section>\n\t\t\t\t<section class=\"elementor-section elementor-top-section elementor-element elementor-element-274b3e8 elementor-section-boxed elementor-section-height-default elementor-section-height-default\" data-id=\"274b3e8\" data-element_type=\"section\" data-e-type=\"section\">\n\t\t\t\t\t\t<div class=\"elementor-container elementor-column-gap-default\">\n\t\t\t\t\t<div class=\"elementor-column elementor-col-66 elementor-top-column elementor-element elementor-element-e7e1acc\" data-id=\"e7e1acc\" data-element_type=\"column\" data-e-type=\"column\">\n\t\t\t<div class=\"elementor-widget-wrap elementor-element-populated\">\n\t\t\t\t\t\t<div class=\"elementor-element elementor-element-e1ea812 elementor-widget elementor-widget-toggle\" data-id=\"e1ea812\" data-element_type=\"widget\" data-e-type=\"widget\" data-widget_type=\"toggle.default\">\n\t\t\t\t<div class=\"elementor-widget-container\">\n\t\t\t\t\t\t\t<div class=\"elementor-toggle\">\n\t\t\t\t\t\t\t<div class=\"elementor-toggle-item\">\n\t\t\t\t\t<div id=\"elementor-tab-title-2361\" class=\"elementor-tab-title\" data-tab=\"1\" role=\"button\" aria-controls=\"elementor-tab-content-2361\" aria-expanded=\"false\">\n\t\t\t\t\t\t\t\t\t\t\t\t<span class=\"elementor-toggle-icon elementor-toggle-icon-left\" aria-hidden=\"true\">\n\t\t\t\t\t\t\t\t\t\t\t\t\t\t\t<i class=\"elementor-toggle-icon-closed fa fa-sitemap\"><\/i>\n\t\t\t\t\t\t\t\t<i class=\"elementor-toggle-icon-opened fa fa-lightbulb-o\"><\/i>\n\t\t\t\t\t\t\t\t\t\t\t\t\t<\/span>\n\t\t\t\t\t\t\t\t\t\t\t\t<a class=\"elementor-toggle-title\" tabindex=\"0\">Beratung und Planung<\/a>\n\t\t\t\t\t<\/div>\n\n\t\t\t\t\t<div id=\"elementor-tab-content-2361\" class=\"elementor-tab-content elementor-clearfix\" data-tab=\"1\" role=\"region\" aria-labelledby=\"elementor-tab-title-2361\"><div><div><h4>KOMPETENTE BERATUNG UND PLANUNG IM INTERESSE DES KUNDEN<\/h4><p>Wir bieten eine professionelle Beratung und Planung unter Einbezug aller technischen und wirtschaftlichen Faktoren. Ziel ist eine optimale anwenderorientierte L\u00f6sung zu pr\u00e4sentieren, sei es im Bereich der klassischen Verkabelung mit Kupferleitungen oder modernster Glasfasertechnologie. Auch bieten wir Ihnen auch den Durchblick bei den vielz\u00e4hligen M\u00f6glichkeiten in Bezug auf Ger\u00e4tschaften und Komponenten.<\/p><\/div><div>\u00a0<\/div><\/div><div><img fetchpriority=\"high\" decoding=\"async\" class=\"crazy_lazy alignright size-full wp-image-479\" title=\"Wir beraten Sie kompetent und in Ihrem Interesse\" src=\"http:\/\/www.vataelektro.ch\/wp-content\/uploads\/2014\/04\/Beratung-telematik.jpg\" sizes=\"(max-width: 702px) 100vw, 702px\" srcset=\"http:\/\/www.vataelektro.ch\/wp-content\/uploads\/2014\/04\/Beratung-telematik.jpg 702w, http:\/\/www.vataelektro.ch\/wp-content\/uploads\/2014\/04\/Beratung-telematik-300x64.jpg 300w\" alt=\"Beratung-telematik\" width=\"702\" height=\"150\" data-src=\"http:\/\/www.vataelektro.ch\/wp-content\/uploads\/2014\/04\/Beratung-telematik.jpg\" \/><\/div><\/div>\n\t\t\t\t<\/div>\n\t\t\t\t\t\t\t<div class=\"elementor-toggle-item\">\n\t\t\t\t\t<div id=\"elementor-tab-title-2362\" class=\"elementor-tab-title\" data-tab=\"2\" role=\"button\" aria-controls=\"elementor-tab-content-2362\" aria-expanded=\"false\">\n\t\t\t\t\t\t\t\t\t\t\t\t<span class=\"elementor-toggle-icon elementor-toggle-icon-left\" aria-hidden=\"true\">\n\t\t\t\t\t\t\t\t\t\t\t\t\t\t\t<i class=\"elementor-toggle-icon-closed fa fa-sitemap\"><\/i>\n\t\t\t\t\t\t\t\t<i class=\"elementor-toggle-icon-opened fa fa-lightbulb-o\"><\/i>\n\t\t\t\t\t\t\t\t\t\t\t\t\t<\/span>\n\t\t\t\t\t\t\t\t\t\t\t\t<a class=\"elementor-toggle-title\" tabindex=\"0\">Ethernet Netzwerk<\/a>\n\t\t\t\t\t<\/div>\n\n\t\t\t\t\t<div id=\"elementor-tab-content-2362\" class=\"elementor-tab-content elementor-clearfix\" data-tab=\"2\" role=\"region\" aria-labelledby=\"elementor-tab-title-2362\"><p>Der Vorteil der Kupferverkabelung gegen\u00fcber Glasfaserleitungen liegt in der schnelleren Konfektionierung und der vielseitigen Nutzbarkeit der Verkabelung. Dar\u00fcber hinaus gelten Systeme aus Kupfer nach wie als langlebiger.<\/p><blockquote><p><strong>L<\/strong>ieferung und Verlegung von Ethernet und Telefonleitungen aller Kategorien<br \/><strong>F<\/strong>ehlersuche und Fehlerbehebung in Ethernet und Telefonnetzen<br \/><strong>L<\/strong>ieferung und Montage aller zugeh\u00f6rigen Komponenten<br \/><strong>A<\/strong>bnahmemessung mit zertifizierten Messger\u00e4ten<br \/><strong>D<\/strong>okumentation in Papierform oder als elektronisches Medium<\/p><\/blockquote><p><a href=\"http:\/\/www.vataelektro.ch\/wp-content\/uploads\/2014\/03\/Kupferkabel.jpg\"><img decoding=\"async\" class=\"crazy_lazy alignright size-full wp-image-521\" src=\"http:\/\/www.vataelektro.ch\/wp-content\/uploads\/2014\/03\/Kupferkabel.jpg\" sizes=\"(max-width: 702px) 100vw, 702px\" srcset=\"http:\/\/www.vataelektro.ch\/wp-content\/uploads\/2014\/03\/Kupferkabel.jpg 702w, http:\/\/www.vataelektro.ch\/wp-content\/uploads\/2014\/03\/Kupferkabel-300x64.jpg 300w\" alt=\"Kupferkabel\" width=\"702\" height=\"150\" data-src=\"http:\/\/www.vataelektro.ch\/wp-content\/uploads\/2014\/03\/Kupferkabel.jpg\" \/><\/a><\/p><\/div>\n\t\t\t\t<\/div>\n\t\t\t\t\t\t\t<div class=\"elementor-toggle-item\">\n\t\t\t\t\t<div id=\"elementor-tab-title-2363\" class=\"elementor-tab-title\" data-tab=\"3\" role=\"button\" aria-controls=\"elementor-tab-content-2363\" aria-expanded=\"false\">\n\t\t\t\t\t\t\t\t\t\t\t\t<span class=\"elementor-toggle-icon elementor-toggle-icon-left\" aria-hidden=\"true\">\n\t\t\t\t\t\t\t\t\t\t\t\t\t\t\t<i class=\"elementor-toggle-icon-closed fa fa-sitemap\"><\/i>\n\t\t\t\t\t\t\t\t<i class=\"elementor-toggle-icon-opened fa fa-lightbulb-o\"><\/i>\n\t\t\t\t\t\t\t\t\t\t\t\t\t<\/span>\n\t\t\t\t\t\t\t\t\t\t\t\t<a class=\"elementor-toggle-title\" tabindex=\"0\">Universelle Kommunikationsverkabelung (UKV)<\/a>\n\t\t\t\t\t<\/div>\n\n\t\t\t\t\t<div id=\"elementor-tab-content-2363\" class=\"elementor-tab-content elementor-clearfix\" data-tab=\"3\" role=\"region\" aria-labelledby=\"elementor-tab-title-2363\"><h4>UKV VERKABELUNG \u2013 EIN WICHTIGES INSTRUMENT DER GEB\u00c4UDEVERKABELUNG<\/h4><p>Die UKV Verkabelung transportiert Sprach- und Datensignale innerhalb eines Geb\u00e4udes. Sie kann als Hauptschlagader der Kommunikation eines modernen Unternehmens bezeichnet werden. Mit entsprechenden Zusatzkomponenten werden LAN- oder Telefoninfrastrukturen erstellt.<\/p><blockquote><p>Als Spezialisten auf diesem Gebiet erarbeiten wir gerne eine auf Ihre Bed\u00fcrfnisse abgestimmte L\u00f6sung.<\/p><\/blockquote><p><img loading=\"lazy\" decoding=\"async\" class=\"crazy_lazy alignright size-full wp-image-472\" title=\"UKV Verkabelung - Das Herz einer Firma\" src=\"http:\/\/www.vataelektro.ch\/wp-content\/uploads\/2014\/04\/UKV-Verkabelungen.jpg\" sizes=\"(max-width: 702px) 100vw, 702px\" srcset=\"http:\/\/www.vataelektro.ch\/wp-content\/uploads\/2014\/04\/UKV-Verkabelungen.jpg 702w, http:\/\/www.vataelektro.ch\/wp-content\/uploads\/2014\/04\/UKV-Verkabelungen-300x64.jpg 300w\" alt=\"UKV Verkabelung\" width=\"702\" height=\"150\" data-src=\"http:\/\/www.vataelektro.ch\/wp-content\/uploads\/2014\/04\/UKV-Verkabelungen.jpg\" \/><\/p><\/div>\n\t\t\t\t<\/div>\n\t\t\t\t\t\t\t<div class=\"elementor-toggle-item\">\n\t\t\t\t\t<div id=\"elementor-tab-title-2364\" class=\"elementor-tab-title\" data-tab=\"4\" role=\"button\" aria-controls=\"elementor-tab-content-2364\" aria-expanded=\"false\">\n\t\t\t\t\t\t\t\t\t\t\t\t<span class=\"elementor-toggle-icon elementor-toggle-icon-left\" aria-hidden=\"true\">\n\t\t\t\t\t\t\t\t\t\t\t\t\t\t\t<i class=\"elementor-toggle-icon-closed fa fa-sitemap\"><\/i>\n\t\t\t\t\t\t\t\t<i class=\"elementor-toggle-icon-opened fa fa-lightbulb-o\"><\/i>\n\t\t\t\t\t\t\t\t\t\t\t\t\t<\/span>\n\t\t\t\t\t\t\t\t\t\t\t\t<a class=\"elementor-toggle-title\" tabindex=\"0\">Service Telekommunikation<\/a>\n\t\t\t\t\t<\/div>\n\n\t\t\t\t\t<div id=\"elementor-tab-content-2364\" class=\"elementor-tab-content elementor-clearfix\" data-tab=\"4\" role=\"region\" aria-labelledby=\"elementor-tab-title-2364\"><h4>WIR HALTEN SIE AUF DRAHT<\/h4><p>Unsere St\u00e4rke ist nicht nur die Installationen und die Verkabelung von Anschl\u00fcssen. Wir beraten auch Private und Unternehmen und helfen unter den verschiedenen Technologien und Angeboten die optimale L\u00f6sung f\u00fcr Ihre Bed\u00fcrfnisse zu finden. Auch danach d\u00fcrfen Sie auf unseren zuverl\u00e4ssigen Service z\u00e4hlen.<\/p><h5>WIR K\u00dcMMERN UNS KOMPETENT UND ZUVERL\u00c4SSIG UM:<\/h5><blockquote><p><strong>A<\/strong>naloges Aufschalten von Amtsleitungen\u00a0<strong>A<\/strong>DSL Installationen\u00a0<strong>D<\/strong>igital TV aller Anbieter und die beste Bildqualit\u00e4t\u00a0<strong>E<\/strong>rweiterung bestehender Anlagen<strong>\u00a0I<\/strong>SDN Installationen und Anpassungen\u00a0<strong>I<\/strong>nternet Telefonie (VoIP)\u00a0<strong>L<\/strong>eitungen verlegen\u00a0<strong>S<\/strong>ervice und Reparaturen\u00a0<strong>T<\/strong>elefondosen versetzen oder erweitern\u00a0<strong>V<\/strong>oIP Telefonie (Internet Telefonie)<\/p><\/blockquote><p><img loading=\"lazy\" decoding=\"async\" class=\"crazy_lazy alignright size-full wp-image-474\" title=\"Verlassen Sie sich auf unseren Service\" src=\"http:\/\/www.vataelektro.ch\/wp-content\/uploads\/2014\/04\/telekommunikation.jpg\" sizes=\"(max-width: 700px) 100vw, 700px\" srcset=\"http:\/\/www.vataelektro.ch\/wp-content\/uploads\/2014\/04\/telekommunikation.jpg 700w, http:\/\/www.vataelektro.ch\/wp-content\/uploads\/2014\/04\/telekommunikation-300x64.jpg 300w\" alt=\"telekommunikation\" width=\"700\" height=\"150\" data-src=\"http:\/\/www.vataelektro.ch\/wp-content\/uploads\/2014\/04\/telekommunikation.jpg\" \/><\/p><\/div>\n\t\t\t\t<\/div>\n\t\t\t\t\t\t\t\t<\/div>\n\t\t\t\t\t\t<\/div>\n\t\t\t\t<\/div>\n\t\t\t\t\t<\/div>\n\t\t<\/div>\n\t\t\t\t<div class=\"elementor-column elementor-col-33 elementor-top-column elementor-element elementor-element-805cd36\" data-id=\"805cd36\" data-element_type=\"column\" data-e-type=\"column\">\n\t\t\t<div class=\"elementor-widget-wrap\">\n\t\t\t\t\t\t\t<\/div>\n\t\t<\/div>\n\t\t\t\t\t<\/div>\n\t\t<\/section>\n\t\t\t\t<section class=\"elementor-section elementor-top-section elementor-element elementor-element-eed09d6 elementor-section-boxed elementor-section-height-default elementor-section-height-default\" data-id=\"eed09d6\" data-element_type=\"section\" data-e-type=\"section\">\n\t\t\t\t\t\t<div class=\"elementor-container elementor-column-gap-default\">\n\t\t\t\t\t<div class=\"elementor-column elementor-col-100 elementor-top-column elementor-element elementor-element-bcb9d49\" data-id=\"bcb9d49\" data-element_type=\"column\" data-e-type=\"column\">\n\t\t\t<div class=\"elementor-widget-wrap elementor-element-populated\">\n\t\t\t\t\t\t<div class=\"elementor-element elementor-element-26936ee elementor-widget elementor-widget-spacer\" data-id=\"26936ee\" data-element_type=\"widget\" data-e-type=\"widget\" data-widget_type=\"spacer.default\">\n\t\t\t\t<div class=\"elementor-widget-container\">\n\t\t\t\t\t\t\t<div class=\"elementor-spacer\">\n\t\t\t<div class=\"elementor-spacer-inner\"><\/div>\n\t\t<\/div>\n\t\t\t\t\t\t<\/div>\n\t\t\t\t<\/div>\n\t\t\t\t\t<\/div>\n\t\t<\/div>\n\t\t\t\t\t<\/div>\n\t\t<\/section>\n\t\t\t\t<\/div>\n\t\t","protected":false},"excerpt":{"rendered":"<p>Datennetzwerk ben\u00f6tigt eine individuelle Planung Sie ben\u00f6tigen ein neues Netzwerk im gesch\u00e4ftlichen oder privaten Bereich? Ob klassiche Kupferkabelung oder modernstes Glasfasernetzwerk,wir bieten Ihnen die optimale L\u00f6sung f\u00fcr Ihre Anspr\u00fcche. Wir k\u00fcmmern uns nicht nur um EDV-Verkabelungen vom Patchfeld bis zur Anschlussdose, sondern liefern auf Wunsch auch aktive Komponenten nach individuellem Bed\u00fcrfnis und konfigurieren Ihr Netzwerk. [&hellip;]<\/p>\n","protected":false},"author":1,"featured_media":0,"parent":0,"menu_order":0,"comment_status":"closed","ping_status":"closed","template":"elementor_header_footer","meta":{"footnotes":""},"class_list":["post-44","page","type-page","status-publish","hentry"],"_links":{"self":[{"href":"https:\/\/cityelectro.ch\/index.php\/wp-json\/wp\/v2\/pages\/44","targetHints":{"allow":["GET"]}}],"collection":[{"href":"https:\/\/cityelectro.ch\/index.php\/wp-json\/wp\/v2\/pages"}],"about":[{"href":"https:\/\/cityelectro.ch\/index.php\/wp-json\/wp\/v2\/types\/page"}],"author":[{"embeddable":true,"href":"https:\/\/cityelectro.ch\/index.php\/wp-json\/wp\/v2\/users\/1"}],"replies":[{"embeddable":true,"href":"https:\/\/cityelectro.ch\/index.php\/wp-json\/wp\/v2\/comments?post=44"}],"version-history":[{"count":17,"href":"https:\/\/cityelectro.ch\/index.php\/wp-json\/wp\/v2\/pages\/44\/revisions"}],"predecessor-version":[{"id":395,"href":"https:\/\/cityelectro.ch\/index.php\/wp-json\/wp\/v2\/pages\/44\/revisions\/395"}],"wp:attachment":[{"href":"https:\/\/cityelectro.ch\/index.php\/wp-json\/wp\/v2\/media?parent=44"}],"curies":[{"name":"wp","href":"https:\/\/api.w.org\/{rel}","templated":true}]}}